{"id":3002,"date":"2014-10-30T04:31:51","date_gmt":"2014-10-30T04:31:51","guid":{"rendered":"http:\/\/www.brandexponents.com\/oshin\/?page_id=2743"},"modified":"2020-07-16T15:24:09","modified_gmt":"2020-07-16T15:24:09","slug":"falegnameria","status":"publish","type":"page","link":"https:\/\/falegnameriacoccorullo.it\/?page_id=3002","title":{"rendered":"Falegnameria"},"content":{"rendered":"<div  class=\"tatsu-HJbXdoEC3z tatsu-section  tatsu-parallax tatsu-fullscreen   tatsu-clearfix\" data-title=\"\"  data-headerscheme=\"background--light\"><div class=\"tatsu-fullscreen-wrap\"><div class='tatsu-section-pad clearfix' data-padding='{\"d\":\"90px 0px 90px 0px\"}' data-padding-top='90px'><div class=\"tatsu-row-wrap  tatsu-wrap tatsu-row-one-col tatsu-row-has-one-cols tatsu-medium-gutter tatsu-reg-cols  tatsu-clearfix tatsu-BkxX_jEA3f\" ><div  class=\"tatsu-row \" ><div  class=\"tatsu-column  tatsu-column-no-bg tatsu-one-col tatsu-column-image-none tatsu-column-effect-none  tatsu-SJXOs4C3z\"  data-parallax-speed=\"0\" style=\"\"><div class=\"tatsu-column-inner \" ><div class=\"tatsu-column-pad-wrap\"><div class=\"tatsu-column-pad\" ><div  class=\"special-heading-wrap style2 oshine-module align-center tatsu-fqpf4se4f72vlxaj  \" ><div class=\"special-heading\" ><h3 class=\"special-h-tag\" >LA FALEGNAMERIA<\/h3><\/div><style>.tatsu-fqpf4se4f72vlxaj .special-h-tag{color: #000000 ;}.tatsu-fqpf4se4f72vlxaj .special-heading{border-color: #000000; border-width: 7px;padding: 20px 30px 20px 30px;}<\/style><\/div><\/div><\/div><div class = \"tatsu-column-bg-image-wrap\"><div class = \"tatsu-column-bg-image\" ><\/div><\/div><\/div><style>.tatsu-row > .tatsu-SJXOs4C3z.tatsu-column{width: 100%;}.tatsu-SJXOs4C3z.tatsu-column > .tatsu-column-inner > .tatsu-column-overlay{mix-blend-mode: none;}.tatsu-SJXOs4C3z > .tatsu-column-inner > .tatsu-top-divider{z-index: 9999;}.tatsu-SJXOs4C3z > .tatsu-column-inner > .tatsu-bottom-divider{z-index: 9999;}.tatsu-SJXOs4C3z > .tatsu-column-inner > .tatsu-left-divider{z-index: 9999;}.tatsu-SJXOs4C3z > .tatsu-column-inner > .tatsu-right-divider{z-index: 9999;}<\/style><\/div><\/div><\/div><\/div><div class=\"tatsu-section-background-wrap tatsu-parallax-element-wrap\"><div class = \"tatsu-section-background tatsu-parallax-element\" ><\/div><\/div><\/div><style>.tatsu-HJbXdoEC3z .tatsu-section-background{background-image: url(https:\/\/falegnameriacoccorullo.it\/wp-content\/uploads\/2020\/05\/wood-nature-texture-.jpg);background-repeat: no-repeat;background-attachment: scroll;background-position: top left;background-size: cover;}.tatsu-HJbXdoEC3z .tatsu-bg-blur{background-repeat: no-repeat;background-attachment: scroll;background-position: top left;background-size: cover;}.tatsu-HJbXdoEC3z .tatsu-section-pad{padding: 90px 0px 90px 0px;}.tatsu-HJbXdoEC3z > .tatsu-bottom-divider{z-index: 9999;}.tatsu-HJbXdoEC3z > .tatsu-top-divider{z-index: 9999;}.tatsu-HJbXdoEC3z .tatsu-fullscreen-wrap{align-items: center;}<\/style><\/div><div id=\"sec1\" class=\"tatsu-fqox7gqghkd6c0ab tatsu-section    tatsu-clearfix\" data-title=\"\"  data-headerscheme=\"background--dark\"><div class='tatsu-section-pad clearfix' data-padding='{\"d\":\"90px 0% 90px 0%\"}' data-padding-top='90px'><div class=\"tatsu-row-wrap  tatsu-wrap tatsu-row-one-col tatsu-row-has-one-cols tatsu-medium-gutter tatsu-reg-cols  tatsu-clearfix tatsu-fqox7gqgib5euo9a\" ><div  class=\"tatsu-row \" ><div  class=\"tatsu-column  tatsu-column-no-bg tatsu-one-col tatsu-column-image-none tatsu-column-effect-none  tatsu-fqox7gqgina2okrf\"  data-parallax-speed=\"0\" style=\"\"><div class=\"tatsu-column-inner \" ><div class=\"tatsu-column-pad-wrap\"><div class=\"tatsu-column-pad\" ><div  class=\"special-subtitle-wrap  tatsu-fqox7gqgj6h22rq  \"  ><div class=\"align-left\"><span class=\"special-subtitle\" >Chi siamo ?<\/span><\/div><style>.tatsu-fqox7gqgj6h22rq .special-subtitle{font-size: 18px;color: rgba(224,162,64,1) ;width: 100%;}.tatsu-fqox7gqgj6h22rq.special-subtitle-wrap{margin-bottom: 10px;}<\/style><\/div><div  class=\"tatsu-module tatsu-text-block-wrap tatsu-fqox7gqgmw3wxpkf  \"><div class=\"tatsu-text-inner   clearfix\" ><style>.tatsu-fqox7gqgmw3wxpkf.tatsu-text-block-wrap .tatsu-text-inner{text-align: left;}<\/style>\n<h3>Un&#8217;Azienda 100% Made in Italy<\/h3>\n<p><span style=\"font-size: 14pt; line-height: 1.8;\">La bellezza e la passione del legno in perfetto stile <strong>Made in Italy<\/strong><br \/>\n<\/span><\/p>\n<\/div><\/div><\/div><\/div><div class = \"tatsu-column-bg-image-wrap\"><div class = \"tatsu-column-bg-image\" ><\/div><\/div><\/div><style>.tatsu-row > .tatsu-fqox7gqgina2okrf.tatsu-column{width: 100%;}.tatsu-fqox7gqgina2okrf.tatsu-column > .tatsu-column-inner > .tatsu-column-overlay{mix-blend-mode: none;}.tatsu-fqox7gqgina2okrf > .tatsu-column-inner > .tatsu-top-divider{z-index: 9999;}.tatsu-fqox7gqgina2okrf > .tatsu-column-inner > .tatsu-bottom-divider{z-index: 9999;}.tatsu-fqox7gqgina2okrf > .tatsu-column-inner > .tatsu-left-divider{z-index: 9999;}.tatsu-fqox7gqgina2okrf > .tatsu-column-inner > .tatsu-right-divider{z-index: 9999;}<\/style><\/div><\/div><\/div><div class=\"tatsu-row-wrap  tatsu-wrap tatsu-row-has-one-half tatsu-row-has-two-cols tatsu-medium-gutter tatsu-reg-cols  tatsu-clearfix tatsu-fqox7gqgpy17hgcy\" ><div  class=\"tatsu-row \" ><div  class=\"tatsu-column  tatsu-column-no-bg tatsu-one-half tatsu-column-image-none tatsu-column-effect-none  tatsu-fqox7gqgqa9gq1oy\"  data-parallax-speed=\"0\" style=\"\"><div class=\"tatsu-column-inner \" ><div class=\"tatsu-column-pad-wrap\"><div class=\"tatsu-column-pad\" ><div  class=\"tatsu-module tatsu-text-block-wrap tatsu-fqox7gqgqrfemss0  \"><div class=\"tatsu-text-inner tatsu-align-center  clearfix\" ><style>.tatsu-fqox7gqgqrfemss0.tatsu-text-block-wrap .tatsu-text-inner{text-align: left;}<\/style>\n<p align=\"justify\">In un piccolo laboratorio di <strong>Tramonti<\/strong> in provincia di <strong>Salerno<\/strong>, Valerio Mario, capostipite della famiglia <strong>Coccorullo<\/strong>, nonch\u00e9 fondatore della azienda, inizia negli anni Settanta la sua attivit\u00e0 artigianale di produzione di mobili e serramenti per l&#8217;edilizia.<br \/>\nMa \u00e8 verso la fine degli anni Ottanta, con l&#8217;ingresso nell&#8217;attivit\u00e0 del figlio Antonio, che l&#8217;azienda assume una dimensione produttiva capace di introdursi in modo organico nel settore, acquisendo importanza a livello nazionale.La potenzialit\u00e0 e la disponibilit\u00e0 messe al servizio della clientela, unitamente alla volont\u00e0 di offrire una pi\u00f9 vasta e selezionata gamma di prodotti per poter rispondere in modo adeguato ad ogni richiesta, sono state le condizioni che hanno reso necessaria una espansione del laboratorio, che si \u00e8 concretizzata nel 2000.<\/p>\n<\/div><\/div><\/div><\/div><div class = \"tatsu-column-bg-image-wrap\"><div class = \"tatsu-column-bg-image\" ><\/div><\/div><\/div><style>.tatsu-row > .tatsu-fqox7gqgqa9gq1oy.tatsu-column{width: 50%;}.tatsu-fqox7gqgqa9gq1oy.tatsu-column > .tatsu-column-inner > .tatsu-column-overlay{mix-blend-mode: none;}.tatsu-fqox7gqgqa9gq1oy > .tatsu-column-inner > .tatsu-top-divider{z-index: 9999;}.tatsu-fqox7gqgqa9gq1oy > .tatsu-column-inner > .tatsu-bottom-divider{z-index: 9999;}.tatsu-fqox7gqgqa9gq1oy > .tatsu-column-inner > .tatsu-left-divider{z-index: 9999;}.tatsu-fqox7gqgqa9gq1oy > .tatsu-column-inner > .tatsu-right-divider{z-index: 9999;}@media only screen and (max-width: 767px) {.tatsu-row > .tatsu-fqox7gqgqa9gq1oy.tatsu-column{width: 100%;}}<\/style><\/div><div  class=\"tatsu-column  tatsu-column-no-bg tatsu-one-half tatsu-column-image-none tatsu-column-effect-none  tatsu-fqox7gqgu0afpnic\"  data-parallax-speed=\"0\" style=\"\"><div class=\"tatsu-column-inner \" ><div class=\"tatsu-column-pad-wrap\"><div class=\"tatsu-column-pad\" ><div  class=\"tatsu-module tatsu-text-block-wrap tatsu-fqox7gqguj62uxv3  \"><div class=\"tatsu-text-inner tatsu-align-center  clearfix\" ><style>.tatsu-fqox7gqguj62uxv3.tatsu-text-block-wrap .tatsu-text-inner{text-align: left;}<\/style>\n<p align=\"justify\">Per Voi che state cercando l&#8217;arredamento per la Vostra casa,<strong> la Falegnameria Artigianale Coccorullo<\/strong> mette a Vostra disposizione tutta la propria esperienza per consigliarVi al meglio le soluzioni e gli arredamenti pi\u00f9 adatti alle vostre esigenze, per proporVi gli abbinamenti migliori, per studiare insieme a Voi le possibilit\u00e0 di arredamento della Vostra casa. La Falegnameria Artigianale Coccorullo propone<strong> porte, infissi, cucine, mobili per zona giorno, zona notte e arredo bagno <\/strong> per rendere la casa un ambiente piacevole, funzionale e rispondente a tutti i Vostri desideri e le Vostre esigenze. La Falegnameria Artigianale Coccorullo crea anche <strong>soluzioni per l&#8217;arredo di uffici e di attivit\u00e0 commerciali <\/strong>che riescono ad accordare organizzazione, praticit\u00e0 e gusto del design italiano.<\/p>\n<\/div><\/div><\/div><\/div><div class = \"tatsu-column-bg-image-wrap\"><div class = \"tatsu-column-bg-image\" ><\/div><\/div><\/div><style>.tatsu-row > .tatsu-fqox7gqgu0afpnic.tatsu-column{width: 50%;}.tatsu-fqox7gqgu0afpnic.tatsu-column > .tatsu-column-inner > .tatsu-column-overlay{mix-blend-mode: none;}.tatsu-fqox7gqgu0afpnic > .tatsu-column-inner > .tatsu-top-divider{z-index: 9999;}.tatsu-fqox7gqgu0afpnic > .tatsu-column-inner > .tatsu-bottom-divider{z-index: 9999;}.tatsu-fqox7gqgu0afpnic > .tatsu-column-inner > .tatsu-left-divider{z-index: 9999;}.tatsu-fqox7gqgu0afpnic > .tatsu-column-inner > .tatsu-right-divider{z-index: 9999;}@media only screen and (max-width: 767px) {.tatsu-row > .tatsu-fqox7gqgu0afpnic.tatsu-column{width: 100%;}}<\/style><\/div><\/div><\/div><\/div><div class=\"tatsu-section-background-wrap\"><div class = \"tatsu-section-background\" ><\/div><\/div><style>.tatsu-fqox7gqghkd6c0ab .tatsu-section-pad{padding: 90px 0% 90px 0%;}.tatsu-fqox7gqghkd6c0ab > .tatsu-bottom-divider{z-index: 9999;}.tatsu-fqox7gqghkd6c0ab > .tatsu-top-divider{z-index: 9999;}<\/style><\/div><div  class=\"tatsu-fqox7gqjtj7maqhv tatsu-section    tatsu-clearfix\" data-title=\"\"  data-headerscheme=\"background--dark\"><div class='tatsu-section-pad clearfix' data-padding='{\"d\":\"90px 0% 90px 0%\"}' data-padding-top='90px'><div class=\"tatsu-row-wrap  tatsu-wrap tatsu-row-one-col tatsu-row-has-one-cols tatsu-medium-gutter tatsu-reg-cols  tatsu-clearfix tatsu-fqox7gqjuqfofphx\" ><div  class=\"tatsu-row \" ><div  class=\"tatsu-column  tatsu-column-no-bg tatsu-one-col tatsu-column-image-none tatsu-column-effect-none  tatsu-fqox7gqjuy6ze996\"  data-parallax-speed=\"0\" style=\"\"><div class=\"tatsu-column-inner \" ><div class=\"tatsu-column-pad-wrap\"><div class=\"tatsu-column-pad\" ><div  class=\"special-subtitle-wrap  tatsu-fqox7gqjvo58vb7a  \"  ><div class=\"align-left\"><span class=\"special-subtitle\" >La qualit\u00e0 anche nella scelta delle collaborazioni<\/span><\/div><style>.tatsu-fqox7gqjvo58vb7a .special-subtitle{font-size: 18px;color: rgba(224,162,64,1) ;width: 100%;}.tatsu-fqox7gqjvo58vb7a.special-subtitle-wrap{margin-bottom: 10px;}<\/style><\/div><div  class=\"tatsu-module tatsu-text-block-wrap tatsu-fqox7gqjyg1rbcy5  \"><div class=\"tatsu-text-inner tatsu-align-center  clearfix\" ><style>.tatsu-fqox7gqjyg1rbcy5.tatsu-text-block-wrap .tatsu-text-inner{text-align: left;}<\/style>\n<h3>PARTNER<\/h3>\n<p><span style=\"font-size: 14pt;\">Un buon lavoro, necessita di qualit\u00e0 dalle sue prime forme; scegliamo i nostri partner con attenzione per garantire la qulit\u00e0 che ogni nostro cliente merita.<br \/>\n<\/span><\/p>\n<\/div><\/div><\/div><\/div><div class = \"tatsu-column-bg-image-wrap\"><div class = \"tatsu-column-bg-image\" ><\/div><\/div><\/div><style>.tatsu-row > .tatsu-fqox7gqjuy6ze996.tatsu-column{width: 100%;}.tatsu-fqox7gqjuy6ze996.tatsu-column > .tatsu-column-inner > .tatsu-column-overlay{mix-blend-mode: none;}.tatsu-fqox7gqjuy6ze996 > .tatsu-column-inner > .tatsu-top-divider{z-index: 9999;}.tatsu-fqox7gqjuy6ze996 > .tatsu-column-inner > .tatsu-bottom-divider{z-index: 9999;}.tatsu-fqox7gqjuy6ze996 > .tatsu-column-inner > .tatsu-left-divider{z-index: 9999;}.tatsu-fqox7gqjuy6ze996 > .tatsu-column-inner > .tatsu-right-divider{z-index: 9999;}<\/style><\/div><\/div><\/div><div class=\"tatsu-row-wrap  tatsu-wrap tatsu-row-one-col tatsu-row-has-one-cols tatsu-medium-gutter tatsu-reg-cols  tatsu-clearfix tatsu-fqox7gqk4eb7lm9g\" ><div  class=\"tatsu-row \" ><div  class=\"tatsu-column  tatsu-column-no-bg tatsu-one-col tatsu-column-image-none tatsu-column-effect-none  tatsu-fqox7gqk4q6h0jf9\"  data-parallax-speed=\"0\" style=\"\"><div class=\"tatsu-column-inner \" ><div class=\"tatsu-column-pad-wrap\"><div class=\"tatsu-column-pad\" ><div  class=\"carousel-wrap oshine-module clearfix  tatsu-fqox7gqk55ovugm  \"  ><ul class=\"be-owl-carousel client-carousel-module\" data-slide-show=\"1\" data-slide-navigation-dots=\"0\" data-slide-show-speed=\"4000\"><li  class=\"carousel-item client-carousel-item c_to_c  tatsu-fqox7gqk5bb18535  \"  ><a href=\"#\" ><img decoding=\"async\" src=\"https:\/\/falegnameriacoccorullo.it\/wp-content\/uploads\/2020\/07\/klife-80.jpg\" alt=\"\" \/><\/a><\/li><li  class=\"carousel-item client-carousel-item c_to_c  tatsu-fqox7gqk7rfh60jq  \"  ><a href=\"#\" ><img decoding=\"async\" src=\"https:\/\/falegnameriacoccorullo.it\/wp-content\/uploads\/2020\/05\/ocf.png\" alt=\"\" \/><\/a><\/li><li  class=\"carousel-item client-carousel-item c_to_c  tatsu-fqox7gqka31yvew8  \"  ><a href=\"#\" ><img decoding=\"async\" src=\"https:\/\/falegnameriacoccorullo.it\/wp-content\/uploads\/2020\/05\/europrofili.png\" alt=\"\" \/><\/a><\/li><li  class=\"carousel-item client-carousel-item c_to_c  tatsu-fqox7gqkce8qfh5v  \"  ><a href=\"#\" ><img decoding=\"async\" src=\"https:\/\/falegnameriacoccorullo.it\/wp-content\/uploads\/2020\/05\/whurt.png\" alt=\"\" \/><\/a><\/li><li  class=\"carousel-item client-carousel-item c_to_c  tatsu-fqox7gqkeo93ykcb  \"  ><a href=\"#\" ><img decoding=\"async\" src=\"https:\/\/falegnameriacoccorullo.it\/wp-content\/uploads\/2020\/05\/base-partner.png\" alt=\"\" \/><\/a><\/li><li  class=\"carousel-item client-carousel-item c_to_c  tatsu-VPbsDOfje  \"  ><a href=\"#\" ><img decoding=\"async\" src=\"https:\/\/falegnameriacoccorullo.it\/wp-content\/uploads\/2020\/07\/creon-porcellanosa-80.jpg\" alt=\"\" \/><\/a><\/li><\/ul><\/div><\/div><\/div><div class = \"tatsu-column-bg-image-wrap\"><div class = \"tatsu-column-bg-image\" ><\/div><\/div><\/div><style>.tatsu-row > .tatsu-fqox7gqk4q6h0jf9.tatsu-column{width: 100%;}.tatsu-fqox7gqk4q6h0jf9.tatsu-column > .tatsu-column-inner > .tatsu-column-overlay{mix-blend-mode: none;}.tatsu-fqox7gqk4q6h0jf9 > .tatsu-column-inner > .tatsu-top-divider{z-index: 9999;}.tatsu-fqox7gqk4q6h0jf9 > .tatsu-column-inner > .tatsu-bottom-divider{z-index: 9999;}.tatsu-fqox7gqk4q6h0jf9 > .tatsu-column-inner > .tatsu-left-divider{z-index: 9999;}.tatsu-fqox7gqk4q6h0jf9 > .tatsu-column-inner > .tatsu-right-divider{z-index: 9999;}<\/style><\/div><\/div><\/div><\/div><div class=\"tatsu-section-background-wrap\"><div class = \"tatsu-section-background\" ><\/div><\/div><style>.tatsu-fqox7gqjtj7maqhv .tatsu-section-pad{padding: 90px 0% 90px 0%;}.tatsu-fqox7gqjtj7maqhv > .tatsu-bottom-divider{z-index: 9999;}.tatsu-fqox7gqjtj7maqhv > .tatsu-top-divider{z-index: 9999;}<\/style><\/div>\n","protected":false},"excerpt":{"rendered":"<p><a href=\"https:\/\/falegnameriacoccorullo.it\/?page_id=3002\" class=\"more-link style1-button\">Read More<\/a><\/p>","protected":false},"author":1,"featured_media":0,"parent":0,"menu_order":0,"comment_status":"open","ping_status":"closed","template":"","meta":{"footnotes":""},"class_list":["post-3002","page","type-page","status-publish","hentry"],"_links":{"self":[{"href":"https:\/\/falegnameriacoccorullo.it\/index.php?rest_route=\/wp\/v2\/pages\/3002","targetHints":{"allow":["GET"]}}],"collection":[{"href":"https:\/\/falegnameriacoccorullo.it\/index.php?rest_route=\/wp\/v2\/pages"}],"about":[{"href":"https:\/\/falegnameriacoccorullo.it\/index.php?rest_route=\/wp\/v2\/types\/page"}],"author":[{"embeddable":true,"href":"https:\/\/falegnameriacoccorullo.it\/index.php?rest_route=\/wp\/v2\/users\/1"}],"replies":[{"embeddable":true,"href":"https:\/\/falegnameriacoccorullo.it\/index.php?rest_route=%2Fwp%2Fv2%2Fcomments&post=3002"}],"version-history":[{"count":9,"href":"https:\/\/falegnameriacoccorullo.it\/index.php?rest_route=\/wp\/v2\/pages\/3002\/revisions"}],"predecessor-version":[{"id":4088,"href":"https:\/\/falegnameriacoccorullo.it\/index.php?rest_route=\/wp\/v2\/pages\/3002\/revisions\/4088"}],"wp:attachment":[{"href":"https:\/\/falegnameriacoccorullo.it\/index.php?rest_route=%2Fwp%2Fv2%2Fmedia&parent=3002"}],"curies":[{"name":"wp","href":"https:\/\/api.w.org\/{rel}","templated":true}]}}